*b - 20. What is y(-7)?
-6
Let c(p) = p - 244. Give c(34).
-210
Let r(q) = q**2 + 253*q + 12330. Calculate r(-187).
-12
Let z(o) = -o**3 - 41*o**2 + 188*o - 5. Give z(4).
27
Let d(q) = q**3 - 40*q**2 + 1502*q - 63277. Determine d(41).
-14
Let v(n) = -n**3 + 2*n + 36. Calculate v(0).
36
Let v(u) = -38*u - 148. Calculate v(3).
-262
Let d(j) = j**2 + 13*j + 13. What is d(-18)?
103
Let o(v) = 11*v**2 + 90*v + 359. What is o(-4)?
175
Let z(q) = 4*q**2 + 963*q + 4730. Give z(-5).
15
Let s(o) = 102*o + 3. Calculate s(-2).
-201
Let d(b) = -b**3 + 34*b**2 - 57*b - 223. Calculate d(32).
1
Let r(t) = -2*t**2 - 143*t + 1055. Give r(7).
-44
Let n(r) = -26*r + 86. Calculate n(10).
-174
Let l(u) = -67*u + 35. Determine l(-1).
102
Let k(j) = 646*j + 7112. Give k(-11).
6
Let q(c) = -5*c**3 + 2*c**2 - 3*c + 23. Determine q(0).
23
Let r(k) = -90*k + 367. What is r(5)?
-83
Let d(g) = g**3 + 16*g**2 - 26*g + 1. Give d(-19).
-588
Let l(x) = -2396*x + 55113. Determine l(23).
5
Let z(p) = -p**2 - 45*p - 485. Calculate z(-26).
9
Let x(h) = 125*h**2 - 17*h - 23. Calculate x(-1).
119
Let c(b) = 13*b**2 - 74*b - 23. Determine c(6).
1
Let w(h) = -96*h + 420. Give w(5).
-60
Let d(x) = x**2 + 24*x - 559. Calculate d(14).
-27
Let d(r) = -9*r - 189. What is d(-17)?
-36
Let y(z) = -205*z + 191. Calculate y(1).
-14
Let y(c) = 3*c**2 + 8*c - 325. What is y(-12)?
11
Let w(z) = 28*z + 611. Calculate w(-24).
-61
Let t(h) = h**2 + 32*h - 296. Calculate t(-39).
-23
Let g(u) = -u**3 - 12*u**2 + 14*u + 261. Determine g(-16).
1061
Let p(v) = -298*v - 4114. Determine p(-14).
58
Let k(l) = -213*l + 335. Determine k(2).
-91
Let t(l) = -82*l - 646. Calculate t(-7).
-72
Let g(y) = 18*y**2 - 62*y. Determine g(4).
40
Let f(v) = -27*v**2 - 167*v - 35. Determine f(-6).
-5
Let t(a) = a**2 + 41*a + 376. What is t(-11)?
46
Let d(r) = r**3 - 3*r**2 + 18*r - 169. Give d(6).
47
Let g(b) = -b**2 - 18*b - 67. Give g(-5).
-2
Let n(a) = 2*a**2 + 31*a + 20. Determine n(-15).
5
Let p(b) = 17*b**2 - 113*b + 12. Determine p(6).
-54
Let p(l) = -l**3 + 11*l**2 + 2*l - 36. Determine p(10).
84
Let l(a) = 86*a + 140. Calculate l(-5).
-290
Let q(l) = -2*l**3 - 24*l**2 - 70*l + 8. Calculate q(-5).
8
Let g(o) = 2*o**3 - 71*o**2 + 31*o + 135. Give g(35).
-5
Let r(n) = 2*n**3 - 68*n - 7. Calculate r(6).
17
Let m(j) = j**3 - 44*j**2 + 87*j - 8. Calculate m(2).
-2
Let j(b) = 3763*b - 45182. Give j(12).
-26
Let c(v) = 7*v**3 + 60*v**2 - 17*v + 9. Give c(-9).
-81
Let c(r) = r**3 - 41*r**2 - 41*r - 58. Give c(42).
-16
Let f(r) = -r**3 - 3*r**2 + 51*r + 144. Give f(-3).
-9
Let n(v) = -v**3 - 11*v**2 + 89*v - 118. What is n(4)?
-2
Let s(r) = 5*r**3 + 13*r**2 + 7*r - 3. Calculate s(-2).
-5
Let b(u) = -u**2 + 458*u - 4946. Give b(11).
-29
Let m(q) = 96*q + 2111. Give m(-22).
-1
Let d(b) = b**3 - 6*b**2 + 7*b - 15. Calculate d(7).
83
Let h(v) = v - 47. Calculate h(-5).
-52
Let i(f) = -83*f**2 + 5*f + 6. What is i(-1)?
-82
Let y(r) = -r**3 - 22*r**2 - 21*r + 424. Calculate y(-20).
44
Let b(p) = -116*p + 4301. What is b(37)?
9
Let t(m) = -77*m + 4994. Calculate t(65).
-11
Let r(m) = 4*m**3 - 322*m - 644. Determine r(-2).
-32
Let z(q) = -q**2 + 2*q + 183. What is z(14)?
15
Let i(c) = 405*c + 7698. Give i(-19).
3
Let b(r) = 1262*r - 3782. Calculate b(3).
4
Let p(b) = -2*b**3 - 34*b**2 + b - 24. What is p(-17)?
-41
Let k(w) = w**2 + 127*w - 3254. Give k(22).
24
Let c(t) = -78*t - 793. Determine c(-10).
-13
Let d(h) = -22*h - 446. Calculate d(-16).
-94
Let g(a) = 297*a**2 + 5*a + 32. Determine g(0).
32
Let d(q) = -q**2 - 50*q + 1977. Give d(-76).
1
Let m(f) = 147*f - 437. What is m(3)?
4
Let d(g) = 2*g**3 - g**2 - 21*g + 13. Give d(-4).
-47
Let x(w) = 237*w - 6765. Give x(29).
108
Let h(z) = 28*z - 740. Give h(29).
72
Let f(q) = q**3 - 17*q**2 + 21*q + 18. What is f(16)?
98
Let q(o) = -36*o**2 - 3784*o - 417. What is q(-105)?
3
Let n(g) = 2*g**3 + 93*g**2 + 130*g - 78. Give n(-45).
147
Let b(g) = -g**2 + 231*g + 6394. Give b(-25).
-6
Let u(t) = -3*t**2 + 48*t + 1527. What is u(32)?
-9
Let k(u) = -532*u - 3152. Calculate k(-5).
-492
Let n(i) = -5*i + 11. What is n(3)?
-4
Let t(f) = 14*f**2 - 25*f + 207. What is t(6)?
561
Let f(c) = -2*c**3 + 18*c**2 - 7*c - 36. What is f(9)?
-99
Let v(m) = 63*m - 3233. Calculate v(53).
106
Let w(j) = 251*j**3 - j**2 - 8*j + 8. Give w(1).
250
Let m(u) = u**2 + 12*u - 289. Determine m(12).
-1
Let l(v) = -191*v - 2932. Determine l(-17).
315
Let o(k) = -k**2 - 97*k - 1921. What is o(-28)?
11
Let o(f) = 247*f + 4331. Calculate o(-17).
132
Let o(d) = -11*d + 92. What is o(2)?
70
Let f(g) = -2*g**3 + 7*g**2 + 18*g - 15. What is f(5)?
0
Let t(u) = -u**3 - 6*u**2 + 35*u + 205. Give t(-9).
133
Let c(l) = 2*l**3 - 4*l**2 - 13*l - 1. Determine c(-3).
-52
Let a(v) = -33*v**2 - v. Calculate a(0).
0
Let k(m) = -3353*m + 70410. Give k(21).
-3
Let j(t) = -25*t + 7. Calculate j(9).
-218
Let z(a) = 154*a + 3069. Determine z(-19).
143
Let j(u) = -45*u - 71. Calculate j(-8).
289
Let b(u) = u**2 - 4*u - 25. Give b(6).
-13
Let q(x) = -46*x + 1154. Give q(26).
-42
Let n(j) = -j**3 + 6*j**2 - 141*j + 888. Calculate n(6).
42
Let j(n) = -246*n - 5420. Calculate j(-22).
-8
Let r(q) = 3*q**2 + 12*q + 26. Determine r(-2).
14
Let q(j) = 141*j - 567. Calculate q(4).
-3
Let x(y) = 304*y + 1876. Determine x(-7).
-252
Let q(c) = -2*c**2 + c + 35. Determine q(-14).
-371
Let y(w) = 10*w**3 + 19*w**2 + 47*w + 61. Give y(-3).
-179
Let w(p) = -3*p**3 - 26*p**2 + 12*p + 7. Give w(-5).
-328
Let i(p) = 107*p - 2999. Calculate i(28).
-3
Let s(j) = -3*j**2 + 404*j - 1061. Give s(132).
-5
Let i(j) = 7*j**3 - 2*j**2 - 4*j + 4. Give i(2).
44
Let w(j) = j**2 - 30*j - 905. Calculate w(49).
26
Let o(m) = -2*m**2 + 74*m + 14. What is o(37)?
14
Let f(b) = b**3 + 13*b**2 + 16*b + 207. What is f(-13)?
-1
Let a(s) = -6*s**3 + 67*s**2 - 59*s + 532. Determine a(11).
4
Let a(o) = o**3 + 24*o**2 - 74*o + 63. Give a(-27).
-126
Let q(p) = p**2 + 26*p + 11. Give q(0).
11
Let i(x) = 83*x - 35. What is i(-4)?
-367
Let x(p) = 2*p**3 + 80*p**2 + 13*p + 489. What is x(-40)?
-31
Let k(i) = i**3 + 15*i**2 + 59*i - 63. Calculate k(-13).
-492
Let d(q) = -5*q**2 - 19*q - 15. Calculate d(-4).
-19
Let s(y) = -411*y - 1633. Calculate s(-4).
11
Let j(x) = x**3 - 125*x**2 + 261*x - 1643. Determine j(123).
202
Let a(h) = -h**3 - 58*h**2 - 92*h + 1167. Give a(-56).
47
Let p(i) = -i**2 + 43*i + 213. Determine p(50).
-137
Let y(k) = -6*k**3 + 5*k**2 + 28*k - 112. What is y(4)?
-304
Let n(x) = -229*x + 3907. What is n(17)?
14
Let r(f) = -15*f**2 - 195*f - 22. Calculate r(-13).
-22
Let y(w) = -69*w - 2553. Determine y(-37).
0
Let r(v) = v**3 + 46*v**2 - 115*v - 919. Give r(-48).
-7
Let k(t) = 9*t**2 + 692*t - 81. Give k(-77).
-4
Let s(n) = -513*n + 164. Determine s(0).
164
Let b(x) = -2*x**3 - 73*x**2 - 106*x - 42. Calculate b(-35).
-7
Let k(c) = -c**3 + 136*c**2 + 114*c + 3153. Calculate k(137).
2
Let i(d) = -490*d - 1468. Give i(-3).
2
Let l(k) = -18*k + 570. What is l(31)?
12
Let c(n) = 8*n**2 - 27*n - 133. What is c(-4)?
103
Let l(k) = 24*k**2 + 1264*k - 1264. What is l(1)?
24
Let s(m) = m**2 + 55*m + 26. Calculate s(-55).
26
Let a(t) = -t**3 + 16*t**2 + 7*t + 56. Determine a(17).
-114
Let o(u) = 3*u**3 - 183*u**2 - 4*u + 247. Give o(61).
3
Let r(y) = -9*y - 94. Determine r(10).
-184
Let y(w) = -57*w + 2906. Determine y(48).
170
Let v(n) = 61*n**2 - 183*n + 2. Determine v(3).
2
Let b(n) = -490*n - 12242. What is b(-25)?
8
Let o(m) = -m**2 - 43*m + 1013. Determine o(-60).
-7
Let n(o) = -o**2 - 18*o + 524. Calculate n(-34).
-20
Let b(y) = 3*y**2 + 9*y - 55. Determine b(-6).
-1
Let v(c) = c**3 + 213*c + 222. Calculate v(0).
222
Let u(b) = -2*b**3 - 14*b**2 + 84*b + 12. Calculate u(-11).
56
Let c(p) = -3*p**3 + 184*p**2 + 126*p - 129. Determine c(62).
-5
Let w(y) = 40*y + 1319. Give w(-39).
-241
Let c(n) = 2*n**3 + 5*n**2 - 39*n - 54. Determine c(-5).
16
Let x(b) = -53*b + 8856. Determine x(167).
5
Let j(r) = r**3 + 95*r**2 + 1068*r + 155. Determine j(-82).
-9
Let u(z) = 2*z**2 + 107*z + 708. Give u(-8).
-20
Let u(j) = -j**2 - 85*j + 579. Determine u(6).
33
Let l(m) = 863*m + 4317. Give l(-5).
2
Let u(v) = -v**2 + 6*v + 5820. What is u(-73)?
53
Let f(z) = 133*z + 3987. Calculate f(-30).
-3
Let h(j) = -51*j - 2479. What is h(-49)?
20
Let t(a) = -94*a - 1549. What is t(-17)?
49
Let